et t = 10 - h. Is 3 a factor of t?
True
Let m = 2768 + -1542. Is m a multiple of 23?
False
Let k = -24 - -26. Let h be (-2)/((-10)/k + 4). Suppose h*y = 3*w - 34, -2*y = 4*w - 3*w - 14. Does 5 divide w?
False
Suppose 402*w + 574 = 409*w. Is w a multiple of 15?
False
Let m be 4*3*2/3. Suppose 0 = -0*t + t - m. Suppose y - 34 = t. Does 14 divide y?
True
Let k = -2029 - -3943. Is 22 a factor of k?
True
Suppose 5084 = 5*r - 3*h, r - 1203 + 203 = -5*h. Is 35 a factor of r?
True
Is 73 a factor of -1 + (-26)/(-18) - 17703/(-81)?
True
Let y(n) = -4*n + 11. Let d(b) = -5*b + 10. Let w(m) = -5*d(m) + 6*y(m). Is w(10) a multiple of 13?
True
Suppose 5*x = 15, 0 = 2*l + 2*l - x - 485. Is 30 a factor of l?
False
Let o = 606 - 894. Let z = 456 + o. Does 42 divide z?
True
Suppose -9*a + 58 = -11*a. Is (6/(-2))/(1/a) a multiple of 16?
False
Let v be ((-12)/21)/(1/(-7)). Suppose 0 = 3*q + 9, n - 16 - 24 = v*q. Is n a multiple of 3?
False
Let y = -4352 + 7063. Is 8 a factor of y?
False
Suppose 2384 = 43*h - 6646. Does 35 divide h?
True
Let w(i) = 2*i**3 + i**2 - i. Let m be w(1). Suppose -70 = -3*u - m*r, -4*u + 74 = -u + 4*r. Let q = u - -10. Does 10 divide q?
False
Let f = -14 + 24. Let r(m) be the second derivative of m**4/12 - 3*m**3/2 + 3*m**2/2 + 103*m - 1. Does 4 divide r(f)?
False
Let v be (-6)/(120/(-85)) + (-1)/4. Suppose -2*g = -g + 4*u - 36, 0 = 2*u + v. Is g a multiple of 22?
True
Suppose 4*k - 109 - 3 = 0. Suppose -d = h + k, 2*d = 7*d + 2*h + 146. Let z = d - -40. Is z a multiple of 4?
False
Let t(f) = -5*f**2 - 6*f**3 + 6*f + f**3 + 5 + 1 + 4*f**2. Is 19 a factor of t(-3)?
True
Let h = 175 - -287. Is h a multiple of 42?
True
Let i(t) = -2*t**3 - 2*t**2 - 3*t - 4. Let c be (-6 + -3)*(-6)/(-18). Is 15 a factor of i(c)?
False
Let t be ((-1)/2)/((-1)/(-8)) + 215. Let v = -23 + t. Does 29 divide v?
False
Let d = -12 + 8. Let c be (2 - (-12)/d)*-236. Suppose -c = -r - 3*r. Is 18 a factor of r?
False
Suppose 9 = -3*m, -2*m + 32 + 0 = -2*b. Let t = b - -113. Does 12 divide t?
False
Let i be 1/(-3 - (-22)/7). Let x = i + -7. Let l(m) = -m**3 - m**2 + m + 11. Is 3 a factor of l(x)?
False
Let o = 105 - 102. Suppose -o*t + 2*n + 152 = 0, -208 = -2*t - 2*t + 4*n. Is t a multiple of 16?
True
Let a(k) = -10*k - 172. Is 14 a factor of a(-34)?
True
Let l(j) = -32*j + 21. Is l(-13) a multiple of 16?
False
Suppose -5*n + 2 + 98 = 0. Let p = n + -14. Is p a multiple of 6?
True
Let x(l) = -l + 1. Let j be x(-5). Suppose j*m = -16 + 64. Is 4 a factor of m?
True
Suppose 0 = -4*y + 3*y + 2*l + 116, 4*y + 5*l - 451 = 0. Is 57 a factor of y?
True
Let r = 11 + -6. Suppose u - 129 = -2*o, 3*o + 572 + 34 = r*u. Is 34 a factor of u?
False
Suppose -p - 14 = 2*r + 2*p, 2*p = 8. Let n(c) = -7 + 8 - c**3 - 12*c**2 + 10*c - 20. Is n(r) a multiple of 8?
False
Let n = 13 + 47. Suppose 0 = -3*w + 2*w + n. Is w a multiple of 10?
True
Suppose -5*h = -2*c - 633, -h + 5 + 108 = 3*c. Let w = 209 - h. Is 42 a factor of w?
True
Let l(x) = -5*x - 18. Let t(z) = 24*z + 90. Let q(c) = -28*l(c) - 6*t(c). Is 14 a factor of q(-16)?
True
Let x(o) = -o**3 - 22*o**2 - 2*o + 5. Let s = -124 + 102. Is x(s) a multiple of 8?
False
Suppose -n + 335 = -u, 2*n + 2*u - 839 = -165. Let d = -231 + n. Is 21 a factor of d?
True
Let v(r) = 18*r**3 - 3*r**2 - 5*r + 4. Is 10 a factor of v(4)?
False
Suppose 0 = 2*l + 143 - 561. Is 19 a factor of l?
True
Let p = 42 + -26. Let h = p + 52. Suppose c + 14 = h. Is c a multiple of 18?
True
Let l be 4 + (-10)/5 + -143. Is l*(-3)/18*2 a multiple of 17?
False
Does 44 divide (-1 - -2) + 0 - (183 - 866)?
False
Suppose 5*c - 15 = 5. Let u be 33*(6 - 3 - c). Let o = -9 - u. Does 8 divide o?
True
Suppose -g - 15*g = 0. Suppose 2*q = q + 5*h + 63, g = -5*h - 25. Does 19 divide q?
True
Let y(x) = -x**3 - 5*x**2 - x - 3. Let d be y(-4). Let l = 42 + d. Is 9 a factor of l?
True
Is 14/(-21)*(8 - 1823) a multiple of 10?
True
Suppose -f = -68 - 16. Is 12 a factor of f?
True
Let r be ((-19)/(-5))/((-2)/(-10)). Let x = 29 - 25. Suppose 5*h - r = x*h - 5*d, h - 5*d = -11. Is h a multiple of 4?
True
Let a(c) = -261*c - 104. Is a(-15) a multiple of 42?
False
Let u = -271 - -401. Is 13 a factor of u?
True
Suppose -116*n + 5*d = -112*n - 9019, 3*n - 3*d - 6768 = 0. Does 17 divide n?
True
Suppose 2*f + 5*o - 661 = 0, -9 = -5*o - 34. Let i = f + -181. Is i a multiple of 27?
True
Is 24129/(-42)*12/(-9) a multiple of 32?
False
Let z be (1 - 2) + (-9)/(-3). Suppose -37 = -4*w - z*h + 135, -3*h + 132 = 3*w. Let b = w - 38. Is b even?
True
Suppose -2*m + 47 = 43. Let d be 705/(4 - 1) + 1. Suppose d = -m*h + 6*h. Is h a multiple of 15?
False
Suppose 3*q = -112 + 328. Is 2/3 + -1 - (-4200)/q a multiple of 29?
True
Let n(g) = -g**2 + 13*g + 2. Let w be n(14). Let d = 12 + w. Suppose d = -2*m - 2*m + 76. Does 16 divide m?
False
Let r(k) = k**3 + 7*k**2 - 1. Let j be r(-4). Suppose j = 5*y + 7. Suppose -450 = y*p - 13*p. Does 20 divide p?
False
Does 3 divide (5/(-1))/10*12 + 92?
False
Suppose -27950 - 14642 = -16*s. Does 22 divide s?
True
Let d = 2 + 3. Let a = d - -5. Is 3 a factor of a?
False
Let w = 143 - 54. Suppose -7*o = -w - 86. Is o a multiple of 5?
True
Suppose 0 = 5*g - g. Suppose 4*y + 5*q + 8 = g, 2*y + 11 = -5*q - 3. Suppose -y*k + 2*k + 52 = 0. Does 26 divide k?
True
Let n(y) = 4*y**2 - 19*y + 2. Let o be n(-9). Suppose -5*t = -o + 97. Does 7 divide t?
False
Let w = 317 - 210. Is w a multiple of 43?
False
Let p = -41 + 57. Suppose 4*l = -5*i + 67, 0 = -l - i + p + 2. Does 22 divide l?
False
Suppose 0 = -2*x + 2*o + 6 + 120, -2*x = 3*o - 151. Let v = 25 + x. Is 31 a factor of v?
True
Let p(x) = -x**3 - 8*x**2 + 7*x - 13. Let t be p(-9). Suppose 5 = -t*f + 10*f. Let m = 16 + f. Does 6 divide m?
False
Is 4/(-10) - (-72)/5 a multiple of 9?
False
Suppose f + 22 = 6. Let g = -12 - f. Suppose -r = -g*h - 54, 2*h = h - 3. Is r a multiple of 29?
False
Is (-4)/(-22) - (12932/(-22) + 0) a multiple of 7?
True
Let u be ((-2)/(-2))/((-2)/60). Let k = -12 - u. Let d = k + 2. Does 5 divide d?
True
Does 12 divide 2/(-16) + 1455/120?
True
Suppose 21*g - 22*g + 507 = 0. Does 11 divide g?
False
Suppose 4*h = -5*m - 31 - 18, 40 = -5*h - 2*m. Does 9 divide h*4/32 - 1302/(-8)?
True
Let f(h) = h**3 + 4*h**2 + 3*h + 4. Let l be f(-3). Suppose -l*a + 40 = -5*n + n, -67 = -4*a - 5*n. Let d = 30 - a. Is 4 a factor of d?
False
Suppose 2*m - 170 = 3*v, -2*v + v = -m + 84. Suppose -4*o + 2*y - m = 0, 4*o + 3*y + 148 - 41 = 0. Let k = -1 - o. Is 11 a factor of k?
True
Let v(m) = -35*m**3 + m**2 + 3*m + 1. Let p be v(-1). Let c = p + -1. Does 11 divide c?
True
Suppose 14*v = 5*v + 18. Suppose -5 = v*h - 31. Is 5 a factor of h?
False
Let i(o) = -o**2 - o - 1. Let u(m) = -3*m**2 + 2*m + 19. Let v(n) = 2*i(n) - u(n). Is 19 a factor of v(-14)?
False
Suppose 2*q - 11 = 7. Suppose 106 = r + 2*w, -2*r + 6*w + 221 = w. Suppose 6*a = q*a - r. Is 12 a factor of a?
True
Let b(t) = t**2 + t - 1. Let h be b(1). Does 36 divide 1/(5/(790/h))?
False
Let c(j) = j**3 + 11*j**2 + j + 13. Let f be c(-11). Suppose -f*d = -6*d - 92. Let z = 33 + d. Is z a multiple of 10?
True
Suppose 6*d - 589 = -5*p, -3*p = -15*d + 13*d - 331. Does 2 divide p?
False
Suppose -o = o + m + 207, 4*o + 426 = 2*m. Let i be o*(1 + 1)/(-1). Suppose -3*k = 2*k - i. Does 26 divide k?
False
Let h(f) = 39*f + 2. Let a be h(-2). Suppose t + 711 = -5*n + 3*t, -t + 713 = -5*n. Let g = a - n. Is g a multiple of 17?
False
Suppose 14 = -3*i + 32. Let n be (-4)/(-6)*(i - 0). Suppose n*a = -a + 45. Is a a multiple of 4?
False
Suppose 2*q - 3*g - 319 = 0, 4*q + 4*g - 653 = 5*g. Does 4 divide q?
True
Let c(x) = 3*x**2 - x + 4. Let g be c(3). Let h be (-326)/(-14) + (-8)/g. Suppose 5*d + w = h, d - 5*d = 3*w - 25. Is d a multiple of 4?
True
Suppose -561 = -4*p + 5*t, -3*p - t = 4*t - 412. Suppose -144*x + 635 = -p*x. Is 13 a factor of x?
False
Let h = 556 + -403. Is h a multiple of 9?
True
Suppose 696*o - 694*o = 3304. Is 7 a factor of o?
True
Suppose 2*r - r = -4*v + 2288, 3*v - 4*r = 1697. Is 9 a factor of v?
False
Let b(n) = 8*n**2 - 19*n + 87. Is b(5) a multiple of 32?
True
Let p = 31 - -64. Let o = -29 + p. Does 8 divide o?
False
Suppose 3*t - 1432 = -t. Suppose 3*u + 5*d = t, 6*u = 2*u + 3*d + 516. Does 21 divide u?
True
Suppose 2*d + 1 = d. Let g be d/(-3) - (-2)/(-6). I